{"id":205,"date":"2025-04-26T14:36:12","date_gmt":"2025-04-26T12:36:12","guid":{"rendered":"https:\/\/1-plus.fr\/awatoz\/?post_type=product&#038;p=205"},"modified":"2026-04-19T01:34:03","modified_gmt":"2026-04-18T23:34:03","slug":"lait-clarifiant-huile-anti-tache-lotion-mange-graisse-anti-cellulite","status":"publish","type":"product","link":"https:\/\/1-plus.fr\/awatoz\/produit\/lait-clarifiant-huile-anti-tache-lotion-mange-graisse-anti-cellulite\/","title":{"rendered":"LAIT CLARIFIANT + HUILE ANTI TACHE + LOTION MANGE GRAISSE ANTI-CELLULITE"},"content":{"rendered":"<h2>Le lait hydratant clarifiant AWATOZA<\/h2>\n<p>Le lait hydratant clarifiant AWATOZA\u00a0 combinera puissance de l&rsquo;alpha hydroxy et l&rsquo;extrait moringa pour apporter l&rsquo;effet clarifiant de la piaules extrait de moringa et d&rsquo;allanto\u00eene de part leur composition en vitamines et en photo- nutriments apportent leurs effets apaisants et hydratant \u00e0 la peau pour la revitaliser afin de lui donner une sensation de fraicheur et de souplesse.<\/p>\n<p>Igredient: Aqua, hydroxypropyl guar, cetyl alcohol,ceteareth-20, sodium lactate, lactic acid, alpha arbutin, urea, moringa extrad, allantion,alpha hydroxy acid, methyl-propyl paragon,perfum,geraniol.<\/p>\n<p>Dans la gamme AWATOZA vous avez: Le lait, la lotion, la cr\u00e8me, le savon gel gomma, le parfum est&#8230;<\/p>\n<hr \/>\n<h2>Huile hydratante Clarifiante Anti-Taches<\/h2>\n<p>Huile hydratante clarifiante anti-taches est compos\u00e9e d&rsquo;acides de fruits encore appel\u00e9s AHA. Ces acides de fruits sont associ\u00e9s \u00e0 des huiles v\u00e9g\u00e9tales riches en om\u00e9ga3, en om\u00e9ga 6et en om\u00e9ga 9, Elle s&rsquo; utilise avec une disquettes en coton pour nettoyer la peau afin d&rsquo;\u00e9liminer le s\u00e9bum et \u00e9galement les r\u00e9sidus de polution et du maquillage, tr\u00e9s hydratante, elle adoucit le visage clarifie le teint et r\u00e9duit \u00e9galement les taches et les boutons. Pour une action efficace et compl\u00e8te il faut associer cette huile anti-taches au savon purifiant clarifiant ou la lotion voire la cr\u00e8me clarifiante.<\/p>\n<h2>Lotion Hydratante Eclaiecissante<\/h2>\n<p>La lotion hydratante \u00e9claircissante AWATOZA combine la puissance de l&rsquo;alpha arbune et l&rsquo;extrait de moringa afin d&rsquo; apporter l&rsquo; effet \u00e9claircissant.<\/p>\n<p>Les extraits de moringa et de concombre de part leur composition en vitamines et en photo-nutriments apportent leurs effets apaisants et hydratants, pour la revitaliser afin de lui donner une sensation de fraicheur .<\/p>\n","protected":false},"excerpt":{"rendered":"<p>Le lait hydratant clarifiant AWATOZA Le lait hydratant clarifiant AWATOZA\u00a0 combinera puissance de l&rsquo;alpha hydroxy et l&rsquo;extrait moringa pour apporter l&rsquo;effet clarifiant de la piaules extrait de moringa et d&rsquo;allanto\u00eene de part leur composition en vitamines et en photo- nutriments apportent leurs effets apaisants et hydratant \u00e0 la peau pour la revitaliser afin de lui [&hellip;]<\/p>\n","protected":false},"featured_media":206,"comment_status":"open","ping_status":"closed","template":"","meta":[],"product_brand":[16],"product_cat":[17,19],"product_tag":[35],"class_list":{"0":"post-205","1":"product","2":"type-product","3":"status-publish","4":"has-post-thumbnail","6":"product_brand-awatoza","7":"product_cat-beaute-et-forme","8":"product_cat-soins-visage","9":"product_tag-lait-clarifiant-huile-anti-tache-lotion-mange-graisse-anti-cellulite","11":"first","12":"instock","13":"shipping-taxable","14":"purchasable","15":"product-type-simple"},"yoast_head":"<!-- This site is optimized with the Yoast SEO plugin v27.4 - https:\/\/yoast.com\/product\/yoast-seo-wordpress\/ -->\n<title>LAIT CLARIFIANT + HUILE ANTI TACHE + LOTION MANGE GRAISSE ANTI-CELLULITE - AWATOZA 1-PLUS<\/title>\n<meta name=\"description\" content=\"Achetez LAIT CLARIFIANT + HUILE ANTI TACHE + LOTION MANGE GRAISSE ANTI-CELLULITE sur AWATOZA 1-PLUS. D\u00e9couvrez toutes nos offres et promotions dans la cat\u00e9gorie .\" \/>\n<meta name=\"robots\" content=\"index, follow, max-snippet:-1, max-image-preview:large, max-video-preview:-1\" \/>\n<link rel=\"canonical\" href=\"https:\/\/1-plus.fr\/awatoz\/produit\/lait-clarifiant-huile-anti-tache-lotion-mange-graisse-anti-cellulite\/\" \/>\n<meta property=\"og:locale\" content=\"fr_FR\" \/>\n<meta property=\"og:type\" content=\"article\" \/>\n<meta property=\"og:title\" content=\"LAIT CLARIFIANT + HUILE ANTI TACHE + LOTION MANGE GRAISSE ANTI-CELLULITE - AWATOZA 1-PLUS\" \/>\n<meta property=\"og:description\" content=\"Achetez LAIT CLARIFIANT + HUILE ANTI TACHE + LOTION MANGE GRAISSE ANTI-CELLULITE sur AWATOZA 1-PLUS. D\u00e9couvrez toutes nos offres et promotions dans la cat\u00e9gorie .\" \/>\n<meta property=\"og:url\" content=\"https:\/\/1-plus.fr\/awatoz\/produit\/lait-clarifiant-huile-anti-tache-lotion-mange-graisse-anti-cellulite\/\" \/>\n<meta property=\"og:site_name\" content=\"AWATOZA 1-PLUS\" \/>\n<meta property=\"article:modified_time\" content=\"2026-04-18T23:34:03+00:00\" \/>\n<meta property=\"og:image\" content=\"https:\/\/1-plus.fr\/awatoz\/wp-content\/uploads\/2025\/04\/PROMO-LAITHUILE-LOTION.png\" \/>\n\t<meta property=\"og:image:width\" content=\"600\" \/>\n\t<meta property=\"og:image:height\" content=\"500\" \/>\n\t<meta property=\"og:image:type\" content=\"image\/png\" \/>\n<meta name=\"twitter:card\" content=\"summary_large_image\" \/>\n<meta name=\"twitter:label1\" content=\"Dur\u00e9e de lecture estim\u00e9e\" \/>\n\t<meta name=\"twitter:data1\" content=\"1 minute\" \/>\n<script type=\"application\/ld+json\" class=\"yoast-schema-graph\">{\"@context\":\"https:\\\/\\\/schema.org\",\"@graph\":[{\"@type\":\"WebPage\",\"@id\":\"https:\\\/\\\/1-plus.fr\\\/awatoz\\\/produit\\\/lait-clarifiant-huile-anti-tache-lotion-mange-graisse-anti-cellulite\\\/\",\"url\":\"https:\\\/\\\/1-plus.fr\\\/awatoz\\\/produit\\\/lait-clarifiant-huile-anti-tache-lotion-mange-graisse-anti-cellulite\\\/\",\"name\":\"LAIT CLARIFIANT + HUILE ANTI TACHE + LOTION MANGE GRAISSE ANTI-CELLULITE - AWATOZA 1-PLUS\",\"isPartOf\":{\"@id\":\"https:\\\/\\\/1-plus.fr\\\/awatoz\\\/#website\"},\"primaryImageOfPage\":{\"@id\":\"https:\\\/\\\/1-plus.fr\\\/awatoz\\\/produit\\\/lait-clarifiant-huile-anti-tache-lotion-mange-graisse-anti-cellulite\\\/#primaryimage\"},\"image\":{\"@id\":\"https:\\\/\\\/1-plus.fr\\\/awatoz\\\/produit\\\/lait-clarifiant-huile-anti-tache-lotion-mange-graisse-anti-cellulite\\\/#primaryimage\"},\"thumbnailUrl\":\"https:\\\/\\\/1-plus.fr\\\/awatoz\\\/wp-content\\\/uploads\\\/2025\\\/04\\\/PROMO-LAITHUILE-LOTION.png\",\"datePublished\":\"2025-04-26T12:36:12+00:00\",\"dateModified\":\"2026-04-18T23:34:03+00:00\",\"description\":\"Achetez LAIT CLARIFIANT + HUILE ANTI TACHE + LOTION MANGE GRAISSE ANTI-CELLULITE sur AWATOZA 1-PLUS. D\u00e9couvrez toutes nos offres et promotions dans la cat\u00e9gorie .\",\"breadcrumb\":{\"@id\":\"https:\\\/\\\/1-plus.fr\\\/awatoz\\\/produit\\\/lait-clarifiant-huile-anti-tache-lotion-mange-graisse-anti-cellulite\\\/#breadcrumb\"},\"inLanguage\":\"fr-FR\",\"potentialAction\":[{\"@type\":\"ReadAction\",\"target\":[\"https:\\\/\\\/1-plus.fr\\\/awatoz\\\/produit\\\/lait-clarifiant-huile-anti-tache-lotion-mange-graisse-anti-cellulite\\\/\"]}]},{\"@type\":\"ImageObject\",\"inLanguage\":\"fr-FR\",\"@id\":\"https:\\\/\\\/1-plus.fr\\\/awatoz\\\/produit\\\/lait-clarifiant-huile-anti-tache-lotion-mange-graisse-anti-cellulite\\\/#primaryimage\",\"url\":\"https:\\\/\\\/1-plus.fr\\\/awatoz\\\/wp-content\\\/uploads\\\/2025\\\/04\\\/PROMO-LAITHUILE-LOTION.png\",\"contentUrl\":\"https:\\\/\\\/1-plus.fr\\\/awatoz\\\/wp-content\\\/uploads\\\/2025\\\/04\\\/PROMO-LAITHUILE-LOTION.png\",\"width\":600,\"height\":500},{\"@type\":\"BreadcrumbList\",\"@id\":\"https:\\\/\\\/1-plus.fr\\\/awatoz\\\/produit\\\/lait-clarifiant-huile-anti-tache-lotion-mange-graisse-anti-cellulite\\\/#breadcrumb\",\"itemListElement\":[{\"@type\":\"ListItem\",\"position\":1,\"name\":\"Accueil\",\"item\":\"https:\\\/\\\/1-plus.fr\\\/awatoz\\\/\"},{\"@type\":\"ListItem\",\"position\":2,\"name\":\"Boutique\",\"item\":\"https:\\\/\\\/1-plus.fr\\\/awatoz\\\/boutique\\\/\"},{\"@type\":\"ListItem\",\"position\":3,\"name\":\"LAIT CLARIFIANT + HUILE ANTI TACHE + LOTION MANGE GRAISSE ANTI-CELLULITE\"}]},{\"@type\":\"WebSite\",\"@id\":\"https:\\\/\\\/1-plus.fr\\\/awatoz\\\/#website\",\"url\":\"https:\\\/\\\/1-plus.fr\\\/awatoz\\\/\",\"name\":\"AWATOZA 1-PLUS\",\"description\":\"Le seul et unique cr\u00e9ateur de la marque AWATOZA\",\"publisher\":{\"@id\":\"https:\\\/\\\/1-plus.fr\\\/awatoz\\\/#organization\"},\"potentialAction\":[{\"@type\":\"SearchAction\",\"target\":{\"@type\":\"EntryPoint\",\"urlTemplate\":\"https:\\\/\\\/1-plus.fr\\\/awatoz\\\/?s={search_term_string}\"},\"query-input\":{\"@type\":\"PropertyValueSpecification\",\"valueRequired\":true,\"valueName\":\"search_term_string\"}}],\"inLanguage\":\"fr-FR\"},{\"@type\":\"Organization\",\"@id\":\"https:\\\/\\\/1-plus.fr\\\/awatoz\\\/#organization\",\"name\":\"AWATOZA 1-PLUS\",\"url\":\"https:\\\/\\\/1-plus.fr\\\/awatoz\\\/\",\"logo\":{\"@type\":\"ImageObject\",\"inLanguage\":\"fr-FR\",\"@id\":\"https:\\\/\\\/1-plus.fr\\\/awatoz\\\/#\\\/schema\\\/logo\\\/image\\\/\",\"url\":\"https:\\\/\\\/1-plus.fr\\\/awatoz\\\/wp-content\\\/uploads\\\/2026\\\/01\\\/telechargement.jpg\",\"contentUrl\":\"https:\\\/\\\/1-plus.fr\\\/awatoz\\\/wp-content\\\/uploads\\\/2026\\\/01\\\/telechargement.jpg\",\"width\":222,\"height\":227,\"caption\":\"AWATOZA 1-PLUS\"},\"image\":{\"@id\":\"https:\\\/\\\/1-plus.fr\\\/awatoz\\\/#\\\/schema\\\/logo\\\/image\\\/\"}}]}<\/script>\n<!-- \/ Yoast SEO plugin. -->","yoast_head_json":{"title":"LAIT CLARIFIANT + HUILE ANTI TACHE + LOTION MANGE GRAISSE ANTI-CELLULITE - AWATOZA 1-PLUS","description":"Achetez LAIT CLARIFIANT + HUILE ANTI TACHE + LOTION MANGE GRAISSE ANTI-CELLULITE sur AWATOZA 1-PLUS. D\u00e9couvrez toutes nos offres et promotions dans la cat\u00e9gorie .","robots":{"index":"index","follow":"follow","max-snippet":"max-snippet:-1","max-image-preview":"max-image-preview:large","max-video-preview":"max-video-preview:-1"},"canonical":"https:\/\/1-plus.fr\/awatoz\/produit\/lait-clarifiant-huile-anti-tache-lotion-mange-graisse-anti-cellulite\/","og_locale":"fr_FR","og_type":"article","og_title":"LAIT CLARIFIANT + HUILE ANTI TACHE + LOTION MANGE GRAISSE ANTI-CELLULITE - AWATOZA 1-PLUS","og_description":"Achetez LAIT CLARIFIANT + HUILE ANTI TACHE + LOTION MANGE GRAISSE ANTI-CELLULITE sur AWATOZA 1-PLUS. D\u00e9couvrez toutes nos offres et promotions dans la cat\u00e9gorie .","og_url":"https:\/\/1-plus.fr\/awatoz\/produit\/lait-clarifiant-huile-anti-tache-lotion-mange-graisse-anti-cellulite\/","og_site_name":"AWATOZA 1-PLUS","article_modified_time":"2026-04-18T23:34:03+00:00","og_image":[{"width":600,"height":500,"url":"https:\/\/1-plus.fr\/awatoz\/wp-content\/uploads\/2025\/04\/PROMO-LAITHUILE-LOTION.png","type":"image\/png"}],"twitter_card":"summary_large_image","twitter_misc":{"Dur\u00e9e de lecture estim\u00e9e":"1 minute"},"schema":{"@context":"https:\/\/schema.org","@graph":[{"@type":"WebPage","@id":"https:\/\/1-plus.fr\/awatoz\/produit\/lait-clarifiant-huile-anti-tache-lotion-mange-graisse-anti-cellulite\/","url":"https:\/\/1-plus.fr\/awatoz\/produit\/lait-clarifiant-huile-anti-tache-lotion-mange-graisse-anti-cellulite\/","name":"LAIT CLARIFIANT + HUILE ANTI TACHE + LOTION MANGE GRAISSE ANTI-CELLULITE - AWATOZA 1-PLUS","isPartOf":{"@id":"https:\/\/1-plus.fr\/awatoz\/#website"},"primaryImageOfPage":{"@id":"https:\/\/1-plus.fr\/awatoz\/produit\/lait-clarifiant-huile-anti-tache-lotion-mange-graisse-anti-cellulite\/#primaryimage"},"image":{"@id":"https:\/\/1-plus.fr\/awatoz\/produit\/lait-clarifiant-huile-anti-tache-lotion-mange-graisse-anti-cellulite\/#primaryimage"},"thumbnailUrl":"https:\/\/1-plus.fr\/awatoz\/wp-content\/uploads\/2025\/04\/PROMO-LAITHUILE-LOTION.png","datePublished":"2025-04-26T12:36:12+00:00","dateModified":"2026-04-18T23:34:03+00:00","description":"Achetez LAIT CLARIFIANT + HUILE ANTI TACHE + LOTION MANGE GRAISSE ANTI-CELLULITE sur AWATOZA 1-PLUS. D\u00e9couvrez toutes nos offres et promotions dans la cat\u00e9gorie .","breadcrumb":{"@id":"https:\/\/1-plus.fr\/awatoz\/produit\/lait-clarifiant-huile-anti-tache-lotion-mange-graisse-anti-cellulite\/#breadcrumb"},"inLanguage":"fr-FR","potentialAction":[{"@type":"ReadAction","target":["https:\/\/1-plus.fr\/awatoz\/produit\/lait-clarifiant-huile-anti-tache-lotion-mange-graisse-anti-cellulite\/"]}]},{"@type":"ImageObject","inLanguage":"fr-FR","@id":"https:\/\/1-plus.fr\/awatoz\/produit\/lait-clarifiant-huile-anti-tache-lotion-mange-graisse-anti-cellulite\/#primaryimage","url":"https:\/\/1-plus.fr\/awatoz\/wp-content\/uploads\/2025\/04\/PROMO-LAITHUILE-LOTION.png","contentUrl":"https:\/\/1-plus.fr\/awatoz\/wp-content\/uploads\/2025\/04\/PROMO-LAITHUILE-LOTION.png","width":600,"height":500},{"@type":"BreadcrumbList","@id":"https:\/\/1-plus.fr\/awatoz\/produit\/lait-clarifiant-huile-anti-tache-lotion-mange-graisse-anti-cellulite\/#breadcrumb","itemListElement":[{"@type":"ListItem","position":1,"name":"Accueil","item":"https:\/\/1-plus.fr\/awatoz\/"},{"@type":"ListItem","position":2,"name":"Boutique","item":"https:\/\/1-plus.fr\/awatoz\/boutique\/"},{"@type":"ListItem","position":3,"name":"LAIT CLARIFIANT + HUILE ANTI TACHE + LOTION MANGE GRAISSE ANTI-CELLULITE"}]},{"@type":"WebSite","@id":"https:\/\/1-plus.fr\/awatoz\/#website","url":"https:\/\/1-plus.fr\/awatoz\/","name":"AWATOZA 1-PLUS","description":"Le seul et unique cr\u00e9ateur de la marque AWATOZA","publisher":{"@id":"https:\/\/1-plus.fr\/awatoz\/#organization"},"potentialAction":[{"@type":"SearchAction","target":{"@type":"EntryPoint","urlTemplate":"https:\/\/1-plus.fr\/awatoz\/?s={search_term_string}"},"query-input":{"@type":"PropertyValueSpecification","valueRequired":true,"valueName":"search_term_string"}}],"inLanguage":"fr-FR"},{"@type":"Organization","@id":"https:\/\/1-plus.fr\/awatoz\/#organization","name":"AWATOZA 1-PLUS","url":"https:\/\/1-plus.fr\/awatoz\/","logo":{"@type":"ImageObject","inLanguage":"fr-FR","@id":"https:\/\/1-plus.fr\/awatoz\/#\/schema\/logo\/image\/","url":"https:\/\/1-plus.fr\/awatoz\/wp-content\/uploads\/2026\/01\/telechargement.jpg","contentUrl":"https:\/\/1-plus.fr\/awatoz\/wp-content\/uploads\/2026\/01\/telechargement.jpg","width":222,"height":227,"caption":"AWATOZA 1-PLUS"},"image":{"@id":"https:\/\/1-plus.fr\/awatoz\/#\/schema\/logo\/image\/"}}]}},"amp_enabled":true,"_links":{"self":[{"href":"https:\/\/1-plus.fr\/awatoz\/wp-json\/wp\/v2\/product\/205","targetHints":{"allow":["GET"]}}],"collection":[{"href":"https:\/\/1-plus.fr\/awatoz\/wp-json\/wp\/v2\/product"}],"about":[{"href":"https:\/\/1-plus.fr\/awatoz\/wp-json\/wp\/v2\/types\/product"}],"replies":[{"embeddable":true,"href":"https:\/\/1-plus.fr\/awatoz\/wp-json\/wp\/v2\/comments?post=205"}],"wp:featuredmedia":[{"embeddable":true,"href":"https:\/\/1-plus.fr\/awatoz\/wp-json\/wp\/v2\/media\/206"}],"wp:attachment":[{"href":"https:\/\/1-plus.fr\/awatoz\/wp-json\/wp\/v2\/media?parent=205"}],"wp:term":[{"taxonomy":"product_brand","embeddable":true,"href":"https:\/\/1-plus.fr\/awatoz\/wp-json\/wp\/v2\/product_brand?post=205"},{"taxonomy":"product_cat","embeddable":true,"href":"https:\/\/1-plus.fr\/awatoz\/wp-json\/wp\/v2\/product_cat?post=205"},{"taxonomy":"product_tag","embeddable":true,"href":"https:\/\/1-plus.fr\/awatoz\/wp-json\/wp\/v2\/product_tag?post=205"}],"curies":[{"name":"wp","href":"https:\/\/api.w.org\/{rel}","templated":true}]}}