{"id":293,"date":"2025-05-05T11:10:57","date_gmt":"2025-05-05T09:10:57","guid":{"rendered":"https:\/\/1-plus.fr\/awatoz\/?post_type=product&#038;p=293"},"modified":"2026-04-19T01:34:55","modified_gmt":"2026-04-18T23:34:55","slug":"gel-fluide-anti-tache-anti-bouton","status":"publish","type":"product","link":"https:\/\/1-plus.fr\/awatoz\/produit\/gel-fluide-anti-tache-anti-bouton\/","title":{"rendered":"Gel Fluide  Anti Tache &#8211; Anti bouton"},"content":{"rendered":"<h2>Gel Fluide Anti-Tache &amp; Anti-Bouton<\/h2>\n<p><strong>Dites adieu aux imperfections !<\/strong><\/p>\n<p>Le <em>Gel Fluide Anti-Tache &amp; Anti-Bouton<\/em> est votre alli\u00e9 quotidien pour une peau plus saine et \u00e9clatante. Gr\u00e2ce \u00e0 sa formule concentr\u00e9e en actifs purifiants et correcteurs, il cible les boutons, att\u00e9nue les taches pigmentaires et unifie le teint.<\/p>\n<p>Sa texture l\u00e9g\u00e8re et non grasse p\u00e9n\u00e8tre rapidement, sans effet collant. R\u00e9sultats visibles d\u00e8s les premi\u00e8res applications !<\/p>\n<ul>\n<li>\ud83d\udca7 <strong>Anti-imperfections<\/strong> : r\u00e9duit boutons &amp; inflammations<\/li>\n<li>\ud83c\udf3f <strong>Actifs puissants &amp; doux<\/strong> : adapt\u00e9s aux peaux sensibles<\/li>\n<li>\u26a1 <strong>Action rapide et cibl\u00e9e<\/strong> : att\u00e9nue les taches pigmentaires<\/li>\n<li>\ud83e\uddf4 <strong>Texture fluide<\/strong> : confort sans brillance<\/li>\n<\/ul>\n<p><strong>Convient \u00e0 tous les types de peau \u2013 Test\u00e9 dermatologiquement<\/strong><\/p>\n","protected":false},"excerpt":{"rendered":"<p>Gel Fluide Anti-Tache &amp; Anti-Bouton Dites adieu aux imperfections ! Le Gel Fluide Anti-Tache &amp; Anti-Bouton est votre alli\u00e9 quotidien pour une peau plus saine et \u00e9clatante. Gr\u00e2ce \u00e0 sa formule concentr\u00e9e en actifs purifiants et correcteurs, il cible les boutons, att\u00e9nue les taches pigmentaires et unifie le teint. Sa texture l\u00e9g\u00e8re et non grasse [&hellip;]<\/p>\n","protected":false},"featured_media":313,"comment_status":"open","ping_status":"closed","template":"","meta":[],"product_brand":[16],"product_cat":[17,19],"product_tag":[29],"class_list":{"0":"post-293","1":"product","2":"type-product","3":"status-publish","4":"has-post-thumbnail","6":"product_brand-awatoza","7":"product_cat-beaute-et-forme","8":"product_cat-soins-visage","9":"product_tag-gel-fluide-anti-tache-anti-bouton","11":"first","12":"instock","13":"shipping-taxable","14":"purchasable","15":"product-type-simple"},"yoast_head":"<!-- This site is optimized with the Yoast SEO plugin v27.4 - https:\/\/yoast.com\/product\/yoast-seo-wordpress\/ -->\n<title>Gel Fluide Anti Tache - Anti bouton - AWATOZA 1-PLUS<\/title>\n<meta name=\"description\" content=\"Achetez Gel Fluide Anti Tache - Anti bouton sur AWATOZA 1-PLUS. D\u00e9couvrez toutes nos offres et promotions dans la cat\u00e9gorie .\" \/>\n<meta name=\"robots\" content=\"index, follow, max-snippet:-1, max-image-preview:large, max-video-preview:-1\" \/>\n<link rel=\"canonical\" href=\"https:\/\/1-plus.fr\/awatoz\/produit\/gel-fluide-anti-tache-anti-bouton\/\" \/>\n<meta property=\"og:locale\" content=\"fr_FR\" \/>\n<meta property=\"og:type\" content=\"article\" \/>\n<meta property=\"og:title\" content=\"Gel Fluide Anti Tache - Anti bouton - AWATOZA 1-PLUS\" \/>\n<meta property=\"og:description\" content=\"Achetez Gel Fluide Anti Tache - Anti bouton sur AWATOZA 1-PLUS. D\u00e9couvrez toutes nos offres et promotions dans la cat\u00e9gorie .\" \/>\n<meta property=\"og:url\" content=\"https:\/\/1-plus.fr\/awatoz\/produit\/gel-fluide-anti-tache-anti-bouton\/\" \/>\n<meta property=\"og:site_name\" content=\"AWATOZA 1-PLUS\" \/>\n<meta property=\"article:modified_time\" content=\"2026-04-18T23:34:55+00:00\" \/>\n<meta property=\"og:image\" content=\"https:\/\/1-plus.fr\/awatoz\/wp-content\/uploads\/2025\/05\/GEL-fluide-anti-tache-awatoza.png\" \/>\n\t<meta property=\"og:image:width\" content=\"555\" \/>\n\t<meta property=\"og:image:height\" content=\"555\" \/>\n\t<meta property=\"og:image:type\" content=\"image\/png\" \/>\n<meta name=\"twitter:card\" content=\"summary_large_image\" \/>\n<meta name=\"twitter:label1\" content=\"Dur\u00e9e de lecture estim\u00e9e\" \/>\n\t<meta name=\"twitter:data1\" content=\"1 minute\" \/>\n<script type=\"application\/ld+json\" class=\"yoast-schema-graph\">{\"@context\":\"https:\\\/\\\/schema.org\",\"@graph\":[{\"@type\":\"WebPage\",\"@id\":\"https:\\\/\\\/1-plus.fr\\\/awatoz\\\/produit\\\/gel-fluide-anti-tache-anti-bouton\\\/\",\"url\":\"https:\\\/\\\/1-plus.fr\\\/awatoz\\\/produit\\\/gel-fluide-anti-tache-anti-bouton\\\/\",\"name\":\"Gel Fluide Anti Tache - Anti bouton - AWATOZA 1-PLUS\",\"isPartOf\":{\"@id\":\"https:\\\/\\\/1-plus.fr\\\/awatoz\\\/#website\"},\"primaryImageOfPage\":{\"@id\":\"https:\\\/\\\/1-plus.fr\\\/awatoz\\\/produit\\\/gel-fluide-anti-tache-anti-bouton\\\/#primaryimage\"},\"image\":{\"@id\":\"https:\\\/\\\/1-plus.fr\\\/awatoz\\\/produit\\\/gel-fluide-anti-tache-anti-bouton\\\/#primaryimage\"},\"thumbnailUrl\":\"https:\\\/\\\/1-plus.fr\\\/awatoz\\\/wp-content\\\/uploads\\\/2025\\\/05\\\/GEL-fluide-anti-tache-awatoza.png\",\"datePublished\":\"2025-05-05T09:10:57+00:00\",\"dateModified\":\"2026-04-18T23:34:55+00:00\",\"description\":\"Achetez Gel Fluide Anti Tache - Anti bouton sur AWATOZA 1-PLUS. D\u00e9couvrez toutes nos offres et promotions dans la cat\u00e9gorie .\",\"breadcrumb\":{\"@id\":\"https:\\\/\\\/1-plus.fr\\\/awatoz\\\/produit\\\/gel-fluide-anti-tache-anti-bouton\\\/#breadcrumb\"},\"inLanguage\":\"fr-FR\",\"potentialAction\":[{\"@type\":\"ReadAction\",\"target\":[\"https:\\\/\\\/1-plus.fr\\\/awatoz\\\/produit\\\/gel-fluide-anti-tache-anti-bouton\\\/\"]}]},{\"@type\":\"ImageObject\",\"inLanguage\":\"fr-FR\",\"@id\":\"https:\\\/\\\/1-plus.fr\\\/awatoz\\\/produit\\\/gel-fluide-anti-tache-anti-bouton\\\/#primaryimage\",\"url\":\"https:\\\/\\\/1-plus.fr\\\/awatoz\\\/wp-content\\\/uploads\\\/2025\\\/05\\\/GEL-fluide-anti-tache-awatoza.png\",\"contentUrl\":\"https:\\\/\\\/1-plus.fr\\\/awatoz\\\/wp-content\\\/uploads\\\/2025\\\/05\\\/GEL-fluide-anti-tache-awatoza.png\",\"width\":555,\"height\":555,\"caption\":\"Gel Fluide Anti tache AWATOZA\"},{\"@type\":\"BreadcrumbList\",\"@id\":\"https:\\\/\\\/1-plus.fr\\\/awatoz\\\/produit\\\/gel-fluide-anti-tache-anti-bouton\\\/#breadcrumb\",\"itemListElement\":[{\"@type\":\"ListItem\",\"position\":1,\"name\":\"Accueil\",\"item\":\"https:\\\/\\\/1-plus.fr\\\/awatoz\\\/\"},{\"@type\":\"ListItem\",\"position\":2,\"name\":\"Boutique\",\"item\":\"https:\\\/\\\/1-plus.fr\\\/awatoz\\\/boutique\\\/\"},{\"@type\":\"ListItem\",\"position\":3,\"name\":\"Gel Fluide Anti Tache &#8211; Anti bouton\"}]},{\"@type\":\"WebSite\",\"@id\":\"https:\\\/\\\/1-plus.fr\\\/awatoz\\\/#website\",\"url\":\"https:\\\/\\\/1-plus.fr\\\/awatoz\\\/\",\"name\":\"AWATOZA 1-PLUS\",\"description\":\"Le seul et unique cr\u00e9ateur de la marque AWATOZA\",\"publisher\":{\"@id\":\"https:\\\/\\\/1-plus.fr\\\/awatoz\\\/#organization\"},\"potentialAction\":[{\"@type\":\"SearchAction\",\"target\":{\"@type\":\"EntryPoint\",\"urlTemplate\":\"https:\\\/\\\/1-plus.fr\\\/awatoz\\\/?s={search_term_string}\"},\"query-input\":{\"@type\":\"PropertyValueSpecification\",\"valueRequired\":true,\"valueName\":\"search_term_string\"}}],\"inLanguage\":\"fr-FR\"},{\"@type\":\"Organization\",\"@id\":\"https:\\\/\\\/1-plus.fr\\\/awatoz\\\/#organization\",\"name\":\"AWATOZA 1-PLUS\",\"url\":\"https:\\\/\\\/1-plus.fr\\\/awatoz\\\/\",\"logo\":{\"@type\":\"ImageObject\",\"inLanguage\":\"fr-FR\",\"@id\":\"https:\\\/\\\/1-plus.fr\\\/awatoz\\\/#\\\/schema\\\/logo\\\/image\\\/\",\"url\":\"https:\\\/\\\/1-plus.fr\\\/awatoz\\\/wp-content\\\/uploads\\\/2026\\\/01\\\/telechargement.jpg\",\"contentUrl\":\"https:\\\/\\\/1-plus.fr\\\/awatoz\\\/wp-content\\\/uploads\\\/2026\\\/01\\\/telechargement.jpg\",\"width\":222,\"height\":227,\"caption\":\"AWATOZA 1-PLUS\"},\"image\":{\"@id\":\"https:\\\/\\\/1-plus.fr\\\/awatoz\\\/#\\\/schema\\\/logo\\\/image\\\/\"}}]}<\/script>\n<!-- \/ Yoast SEO plugin. -->","yoast_head_json":{"title":"Gel Fluide Anti Tache - Anti bouton - AWATOZA 1-PLUS","description":"Achetez Gel Fluide Anti Tache - Anti bouton sur AWATOZA 1-PLUS. D\u00e9couvrez toutes nos offres et promotions dans la cat\u00e9gorie .","robots":{"index":"index","follow":"follow","max-snippet":"max-snippet:-1","max-image-preview":"max-image-preview:large","max-video-preview":"max-video-preview:-1"},"canonical":"https:\/\/1-plus.fr\/awatoz\/produit\/gel-fluide-anti-tache-anti-bouton\/","og_locale":"fr_FR","og_type":"article","og_title":"Gel Fluide Anti Tache - Anti bouton - AWATOZA 1-PLUS","og_description":"Achetez Gel Fluide Anti Tache - Anti bouton sur AWATOZA 1-PLUS. D\u00e9couvrez toutes nos offres et promotions dans la cat\u00e9gorie .","og_url":"https:\/\/1-plus.fr\/awatoz\/produit\/gel-fluide-anti-tache-anti-bouton\/","og_site_name":"AWATOZA 1-PLUS","article_modified_time":"2026-04-18T23:34:55+00:00","og_image":[{"width":555,"height":555,"url":"https:\/\/1-plus.fr\/awatoz\/wp-content\/uploads\/2025\/05\/GEL-fluide-anti-tache-awatoza.png","type":"image\/png"}],"twitter_card":"summary_large_image","twitter_misc":{"Dur\u00e9e de lecture estim\u00e9e":"1 minute"},"schema":{"@context":"https:\/\/schema.org","@graph":[{"@type":"WebPage","@id":"https:\/\/1-plus.fr\/awatoz\/produit\/gel-fluide-anti-tache-anti-bouton\/","url":"https:\/\/1-plus.fr\/awatoz\/produit\/gel-fluide-anti-tache-anti-bouton\/","name":"Gel Fluide Anti Tache - Anti bouton - AWATOZA 1-PLUS","isPartOf":{"@id":"https:\/\/1-plus.fr\/awatoz\/#website"},"primaryImageOfPage":{"@id":"https:\/\/1-plus.fr\/awatoz\/produit\/gel-fluide-anti-tache-anti-bouton\/#primaryimage"},"image":{"@id":"https:\/\/1-plus.fr\/awatoz\/produit\/gel-fluide-anti-tache-anti-bouton\/#primaryimage"},"thumbnailUrl":"https:\/\/1-plus.fr\/awatoz\/wp-content\/uploads\/2025\/05\/GEL-fluide-anti-tache-awatoza.png","datePublished":"2025-05-05T09:10:57+00:00","dateModified":"2026-04-18T23:34:55+00:00","description":"Achetez Gel Fluide Anti Tache - Anti bouton sur AWATOZA 1-PLUS. D\u00e9couvrez toutes nos offres et promotions dans la cat\u00e9gorie .","breadcrumb":{"@id":"https:\/\/1-plus.fr\/awatoz\/produit\/gel-fluide-anti-tache-anti-bouton\/#breadcrumb"},"inLanguage":"fr-FR","potentialAction":[{"@type":"ReadAction","target":["https:\/\/1-plus.fr\/awatoz\/produit\/gel-fluide-anti-tache-anti-bouton\/"]}]},{"@type":"ImageObject","inLanguage":"fr-FR","@id":"https:\/\/1-plus.fr\/awatoz\/produit\/gel-fluide-anti-tache-anti-bouton\/#primaryimage","url":"https:\/\/1-plus.fr\/awatoz\/wp-content\/uploads\/2025\/05\/GEL-fluide-anti-tache-awatoza.png","contentUrl":"https:\/\/1-plus.fr\/awatoz\/wp-content\/uploads\/2025\/05\/GEL-fluide-anti-tache-awatoza.png","width":555,"height":555,"caption":"Gel Fluide Anti tache AWATOZA"},{"@type":"BreadcrumbList","@id":"https:\/\/1-plus.fr\/awatoz\/produit\/gel-fluide-anti-tache-anti-bouton\/#breadcrumb","itemListElement":[{"@type":"ListItem","position":1,"name":"Accueil","item":"https:\/\/1-plus.fr\/awatoz\/"},{"@type":"ListItem","position":2,"name":"Boutique","item":"https:\/\/1-plus.fr\/awatoz\/boutique\/"},{"@type":"ListItem","position":3,"name":"Gel Fluide Anti Tache &#8211; Anti bouton"}]},{"@type":"WebSite","@id":"https:\/\/1-plus.fr\/awatoz\/#website","url":"https:\/\/1-plus.fr\/awatoz\/","name":"AWATOZA 1-PLUS","description":"Le seul et unique cr\u00e9ateur de la marque AWATOZA","publisher":{"@id":"https:\/\/1-plus.fr\/awatoz\/#organization"},"potentialAction":[{"@type":"SearchAction","target":{"@type":"EntryPoint","urlTemplate":"https:\/\/1-plus.fr\/awatoz\/?s={search_term_string}"},"query-input":{"@type":"PropertyValueSpecification","valueRequired":true,"valueName":"search_term_string"}}],"inLanguage":"fr-FR"},{"@type":"Organization","@id":"https:\/\/1-plus.fr\/awatoz\/#organization","name":"AWATOZA 1-PLUS","url":"https:\/\/1-plus.fr\/awatoz\/","logo":{"@type":"ImageObject","inLanguage":"fr-FR","@id":"https:\/\/1-plus.fr\/awatoz\/#\/schema\/logo\/image\/","url":"https:\/\/1-plus.fr\/awatoz\/wp-content\/uploads\/2026\/01\/telechargement.jpg","contentUrl":"https:\/\/1-plus.fr\/awatoz\/wp-content\/uploads\/2026\/01\/telechargement.jpg","width":222,"height":227,"caption":"AWATOZA 1-PLUS"},"image":{"@id":"https:\/\/1-plus.fr\/awatoz\/#\/schema\/logo\/image\/"}}]}},"amp_enabled":true,"_links":{"self":[{"href":"https:\/\/1-plus.fr\/awatoz\/wp-json\/wp\/v2\/product\/293","targetHints":{"allow":["GET"]}}],"collection":[{"href":"https:\/\/1-plus.fr\/awatoz\/wp-json\/wp\/v2\/product"}],"about":[{"href":"https:\/\/1-plus.fr\/awatoz\/wp-json\/wp\/v2\/types\/product"}],"replies":[{"embeddable":true,"href":"https:\/\/1-plus.fr\/awatoz\/wp-json\/wp\/v2\/comments?post=293"}],"wp:featuredmedia":[{"embeddable":true,"href":"https:\/\/1-plus.fr\/awatoz\/wp-json\/wp\/v2\/media\/313"}],"wp:attachment":[{"href":"https:\/\/1-plus.fr\/awatoz\/wp-json\/wp\/v2\/media?parent=293"}],"wp:term":[{"taxonomy":"product_brand","embeddable":true,"href":"https:\/\/1-plus.fr\/awatoz\/wp-json\/wp\/v2\/product_brand?post=293"},{"taxonomy":"product_cat","embeddable":true,"href":"https:\/\/1-plus.fr\/awatoz\/wp-json\/wp\/v2\/product_cat?post=293"},{"taxonomy":"product_tag","embeddable":true,"href":"https:\/\/1-plus.fr\/awatoz\/wp-json\/wp\/v2\/product_tag?post=293"}],"curies":[{"name":"wp","href":"https:\/\/api.w.org\/{rel}","templated":true}]}}