{"id":93,"date":"2025-04-21T10:40:59","date_gmt":"2025-04-21T08:40:59","guid":{"rendered":"https:\/\/1-plus.fr\/awatoz\/?post_type=product&#038;p=93"},"modified":"2025-12-16T16:47:18","modified_gmt":"2025-12-16T15:47:18","slug":"creme-clarifiante-anti-tache","status":"publish","type":"product","link":"https:\/\/1-plus.fr\/awatoz\/produit\/creme-clarifiante-anti-tache\/","title":{"rendered":"Cr\u00e8me clarifiante anti tache"},"content":{"rendered":"<p><img fetchpriority=\"high\" decoding=\"async\" class=\"size-medium wp-image-94 alignright\" src=\"https:\/\/1-plus.fr\/awatoz\/wp-content\/uploads\/2025\/04\/5-1creme-clarifiante-anti-tache-300x300.jpg\" alt=\"\" width=\"300\" height=\"300\" srcset=\"https:\/\/1-plus.fr\/awatoz\/wp-content\/uploads\/2025\/04\/5-1creme-clarifiante-anti-tache-300x300.jpg 300w, https:\/\/1-plus.fr\/awatoz\/wp-content\/uploads\/2025\/04\/5-1creme-clarifiante-anti-tache-100x100.jpg 100w, https:\/\/1-plus.fr\/awatoz\/wp-content\/uploads\/2025\/04\/5-1creme-clarifiante-anti-tache-600x600.jpg 600w, https:\/\/1-plus.fr\/awatoz\/wp-content\/uploads\/2025\/04\/5-1creme-clarifiante-anti-tache-150x150.jpg 150w, https:\/\/1-plus.fr\/awatoz\/wp-content\/uploads\/2025\/04\/5-1creme-clarifiante-anti-tache-768x768.jpg 768w, https:\/\/1-plus.fr\/awatoz\/wp-content\/uploads\/2025\/04\/5-1creme-clarifiante-anti-tache.jpg 800w\" sizes=\"(max-width: 300px) 100vw, 300px\" \/><\/p>\n<p class=\"\" data-start=\"151\" data-end=\"563\"><strong data-start=\"151\" data-end=\"183\">Cr\u00e8me Clarifiante Anti-Tache<\/strong><br data-start=\"183\" data-end=\"186\" \/>Offrez \u00e0 votre peau un teint lumineux et uniforme gr\u00e2ce \u00e0 notre cr\u00e8me clarifiante anti-tache. Formul\u00e9e pour att\u00e9nuer visiblement les taches pigmentaires, les marques d\u2019acn\u00e9 et les irr\u00e9gularit\u00e9s du teint, elle agit en douceur tout en nourrissant la peau. Sa texture l\u00e9g\u00e8re p\u00e9n\u00e8tre rapidement sans laisser de film gras, pour une peau douce, hydrat\u00e9e et \u00e9clatante jour apr\u00e8s jour.<\/p>\n<p class=\"\" data-start=\"565\" data-end=\"685\">\u2705 R\u00e9duit les taches brunes<br data-start=\"591\" data-end=\"594\" \/>\u2705 Illumine et unifie le teint<br data-start=\"623\" data-end=\"626\" \/>\u2705 Convient \u00e0 tous types de peau<br data-start=\"657\" data-end=\"660\" \/>\u2705 Utilisation quotidienne<\/p>\n<p>&nbsp;<\/p>\n","protected":false},"excerpt":{"rendered":"<p>https:\/\/youtu.be\/Kp0pqJcZkS0<\/p>\n","protected":false},"featured_media":94,"comment_status":"open","ping_status":"closed","template":"","meta":[],"product_brand":[16],"product_cat":[17,18,20,19],"product_tag":[41],"class_list":{"0":"post-93","1":"product","2":"type-product","3":"status-publish","4":"has-post-thumbnail","6":"product_brand-awatoza","7":"product_cat-beaute-et-forme","8":"product_cat-soins-chevaux","9":"product_cat-soins-corp","10":"product_cat-soins-visage","11":"product_tag-creme-clarifiante-anti-tache","13":"first","14":"instock","15":"shipping-taxable","16":"purchasable","17":"product-type-simple"},"yoast_head":"<!-- This site is optimized with the Yoast SEO plugin v27.4 - https:\/\/yoast.com\/product\/yoast-seo-wordpress\/ -->\n<title>Cr\u00e8me clarifiante anti tache - AWATOZA 1-PLUS<\/title>\n<meta name=\"description\" content=\"Achetez Cr\u00e8me clarifiante anti tache sur AWATOZA 1-PLUS. D\u00e9couvrez toutes nos offres et promotions dans la cat\u00e9gorie .\" \/>\n<meta name=\"robots\" content=\"index, follow, max-snippet:-1, max-image-preview:large, max-video-preview:-1\" \/>\n<link rel=\"canonical\" href=\"https:\/\/1-plus.fr\/awatoz\/produit\/creme-clarifiante-anti-tache\/\" \/>\n<meta property=\"og:locale\" content=\"fr_FR\" \/>\n<meta property=\"og:type\" content=\"article\" \/>\n<meta property=\"og:title\" content=\"Cr\u00e8me clarifiante anti tache - AWATOZA 1-PLUS\" \/>\n<meta property=\"og:description\" content=\"Achetez Cr\u00e8me clarifiante anti tache sur AWATOZA 1-PLUS. D\u00e9couvrez toutes nos offres et promotions dans la cat\u00e9gorie .\" \/>\n<meta property=\"og:url\" content=\"https:\/\/1-plus.fr\/awatoz\/produit\/creme-clarifiante-anti-tache\/\" \/>\n<meta property=\"og:site_name\" content=\"AWATOZA 1-PLUS\" \/>\n<meta property=\"article:modified_time\" content=\"2025-12-16T15:47:18+00:00\" \/>\n<meta property=\"og:image\" content=\"https:\/\/1-plus.fr\/awatoz\/wp-content\/uploads\/2025\/04\/5-1creme-clarifiante-anti-tache.jpg\" \/>\n\t<meta property=\"og:image:width\" content=\"800\" \/>\n\t<meta property=\"og:image:height\" content=\"800\" \/>\n\t<meta property=\"og:image:type\" content=\"image\/jpeg\" \/>\n<meta name=\"twitter:card\" content=\"summary_large_image\" \/>\n<script type=\"application\/ld+json\" class=\"yoast-schema-graph\">{\"@context\":\"https:\\\/\\\/schema.org\",\"@graph\":[{\"@type\":\"WebPage\",\"@id\":\"https:\\\/\\\/1-plus.fr\\\/awatoz\\\/produit\\\/creme-clarifiante-anti-tache\\\/\",\"url\":\"https:\\\/\\\/1-plus.fr\\\/awatoz\\\/produit\\\/creme-clarifiante-anti-tache\\\/\",\"name\":\"Cr\u00e8me clarifiante anti tache - AWATOZA 1-PLUS\",\"isPartOf\":{\"@id\":\"https:\\\/\\\/1-plus.fr\\\/awatoz\\\/#website\"},\"primaryImageOfPage\":{\"@id\":\"https:\\\/\\\/1-plus.fr\\\/awatoz\\\/produit\\\/creme-clarifiante-anti-tache\\\/#primaryimage\"},\"image\":{\"@id\":\"https:\\\/\\\/1-plus.fr\\\/awatoz\\\/produit\\\/creme-clarifiante-anti-tache\\\/#primaryimage\"},\"thumbnailUrl\":\"https:\\\/\\\/1-plus.fr\\\/awatoz\\\/wp-content\\\/uploads\\\/2025\\\/04\\\/5-1creme-clarifiante-anti-tache.jpg\",\"datePublished\":\"2025-04-21T08:40:59+00:00\",\"dateModified\":\"2025-12-16T15:47:18+00:00\",\"description\":\"Achetez Cr\u00e8me clarifiante anti tache sur AWATOZA 1-PLUS. D\u00e9couvrez toutes nos offres et promotions dans la cat\u00e9gorie .\",\"breadcrumb\":{\"@id\":\"https:\\\/\\\/1-plus.fr\\\/awatoz\\\/produit\\\/creme-clarifiante-anti-tache\\\/#breadcrumb\"},\"inLanguage\":\"fr-FR\",\"potentialAction\":[{\"@type\":\"ReadAction\",\"target\":[\"https:\\\/\\\/1-plus.fr\\\/awatoz\\\/produit\\\/creme-clarifiante-anti-tache\\\/\"]}]},{\"@type\":\"ImageObject\",\"inLanguage\":\"fr-FR\",\"@id\":\"https:\\\/\\\/1-plus.fr\\\/awatoz\\\/produit\\\/creme-clarifiante-anti-tache\\\/#primaryimage\",\"url\":\"https:\\\/\\\/1-plus.fr\\\/awatoz\\\/wp-content\\\/uploads\\\/2025\\\/04\\\/5-1creme-clarifiante-anti-tache.jpg\",\"contentUrl\":\"https:\\\/\\\/1-plus.fr\\\/awatoz\\\/wp-content\\\/uploads\\\/2025\\\/04\\\/5-1creme-clarifiante-anti-tache.jpg\",\"width\":800,\"height\":800},{\"@type\":\"BreadcrumbList\",\"@id\":\"https:\\\/\\\/1-plus.fr\\\/awatoz\\\/produit\\\/creme-clarifiante-anti-tache\\\/#breadcrumb\",\"itemListElement\":[{\"@type\":\"ListItem\",\"position\":1,\"name\":\"Accueil\",\"item\":\"https:\\\/\\\/1-plus.fr\\\/awatoz\\\/\"},{\"@type\":\"ListItem\",\"position\":2,\"name\":\"Boutique\",\"item\":\"https:\\\/\\\/1-plus.fr\\\/awatoz\\\/boutique\\\/\"},{\"@type\":\"ListItem\",\"position\":3,\"name\":\"Cr\u00e8me clarifiante anti tache\"}]},{\"@type\":\"WebSite\",\"@id\":\"https:\\\/\\\/1-plus.fr\\\/awatoz\\\/#website\",\"url\":\"https:\\\/\\\/1-plus.fr\\\/awatoz\\\/\",\"name\":\"AWATOZA 1-PLUS\",\"description\":\"Le seul et unique cr\u00e9ateur de la marque AWATOZA\",\"publisher\":{\"@id\":\"https:\\\/\\\/1-plus.fr\\\/awatoz\\\/#organization\"},\"potentialAction\":[{\"@type\":\"SearchAction\",\"target\":{\"@type\":\"EntryPoint\",\"urlTemplate\":\"https:\\\/\\\/1-plus.fr\\\/awatoz\\\/?s={search_term_string}\"},\"query-input\":{\"@type\":\"PropertyValueSpecification\",\"valueRequired\":true,\"valueName\":\"search_term_string\"}}],\"inLanguage\":\"fr-FR\"},{\"@type\":\"Organization\",\"@id\":\"https:\\\/\\\/1-plus.fr\\\/awatoz\\\/#organization\",\"name\":\"AWATOZA 1-PLUS\",\"url\":\"https:\\\/\\\/1-plus.fr\\\/awatoz\\\/\",\"logo\":{\"@type\":\"ImageObject\",\"inLanguage\":\"fr-FR\",\"@id\":\"https:\\\/\\\/1-plus.fr\\\/awatoz\\\/#\\\/schema\\\/logo\\\/image\\\/\",\"url\":\"https:\\\/\\\/1-plus.fr\\\/awatoz\\\/wp-content\\\/uploads\\\/2026\\\/01\\\/telechargement.jpg\",\"contentUrl\":\"https:\\\/\\\/1-plus.fr\\\/awatoz\\\/wp-content\\\/uploads\\\/2026\\\/01\\\/telechargement.jpg\",\"width\":222,\"height\":227,\"caption\":\"AWATOZA 1-PLUS\"},\"image\":{\"@id\":\"https:\\\/\\\/1-plus.fr\\\/awatoz\\\/#\\\/schema\\\/logo\\\/image\\\/\"}}]}<\/script>\n<!-- \/ Yoast SEO plugin. -->","yoast_head_json":{"title":"Cr\u00e8me clarifiante anti tache - AWATOZA 1-PLUS","description":"Achetez Cr\u00e8me clarifiante anti tache sur AWATOZA 1-PLUS. D\u00e9couvrez toutes nos offres et promotions dans la cat\u00e9gorie .","robots":{"index":"index","follow":"follow","max-snippet":"max-snippet:-1","max-image-preview":"max-image-preview:large","max-video-preview":"max-video-preview:-1"},"canonical":"https:\/\/1-plus.fr\/awatoz\/produit\/creme-clarifiante-anti-tache\/","og_locale":"fr_FR","og_type":"article","og_title":"Cr\u00e8me clarifiante anti tache - AWATOZA 1-PLUS","og_description":"Achetez Cr\u00e8me clarifiante anti tache sur AWATOZA 1-PLUS. D\u00e9couvrez toutes nos offres et promotions dans la cat\u00e9gorie .","og_url":"https:\/\/1-plus.fr\/awatoz\/produit\/creme-clarifiante-anti-tache\/","og_site_name":"AWATOZA 1-PLUS","article_modified_time":"2025-12-16T15:47:18+00:00","og_image":[{"width":800,"height":800,"url":"https:\/\/1-plus.fr\/awatoz\/wp-content\/uploads\/2025\/04\/5-1creme-clarifiante-anti-tache.jpg","type":"image\/jpeg"}],"twitter_card":"summary_large_image","schema":{"@context":"https:\/\/schema.org","@graph":[{"@type":"WebPage","@id":"https:\/\/1-plus.fr\/awatoz\/produit\/creme-clarifiante-anti-tache\/","url":"https:\/\/1-plus.fr\/awatoz\/produit\/creme-clarifiante-anti-tache\/","name":"Cr\u00e8me clarifiante anti tache - AWATOZA 1-PLUS","isPartOf":{"@id":"https:\/\/1-plus.fr\/awatoz\/#website"},"primaryImageOfPage":{"@id":"https:\/\/1-plus.fr\/awatoz\/produit\/creme-clarifiante-anti-tache\/#primaryimage"},"image":{"@id":"https:\/\/1-plus.fr\/awatoz\/produit\/creme-clarifiante-anti-tache\/#primaryimage"},"thumbnailUrl":"https:\/\/1-plus.fr\/awatoz\/wp-content\/uploads\/2025\/04\/5-1creme-clarifiante-anti-tache.jpg","datePublished":"2025-04-21T08:40:59+00:00","dateModified":"2025-12-16T15:47:18+00:00","description":"Achetez Cr\u00e8me clarifiante anti tache sur AWATOZA 1-PLUS. D\u00e9couvrez toutes nos offres et promotions dans la cat\u00e9gorie .","breadcrumb":{"@id":"https:\/\/1-plus.fr\/awatoz\/produit\/creme-clarifiante-anti-tache\/#breadcrumb"},"inLanguage":"fr-FR","potentialAction":[{"@type":"ReadAction","target":["https:\/\/1-plus.fr\/awatoz\/produit\/creme-clarifiante-anti-tache\/"]}]},{"@type":"ImageObject","inLanguage":"fr-FR","@id":"https:\/\/1-plus.fr\/awatoz\/produit\/creme-clarifiante-anti-tache\/#primaryimage","url":"https:\/\/1-plus.fr\/awatoz\/wp-content\/uploads\/2025\/04\/5-1creme-clarifiante-anti-tache.jpg","contentUrl":"https:\/\/1-plus.fr\/awatoz\/wp-content\/uploads\/2025\/04\/5-1creme-clarifiante-anti-tache.jpg","width":800,"height":800},{"@type":"BreadcrumbList","@id":"https:\/\/1-plus.fr\/awatoz\/produit\/creme-clarifiante-anti-tache\/#breadcrumb","itemListElement":[{"@type":"ListItem","position":1,"name":"Accueil","item":"https:\/\/1-plus.fr\/awatoz\/"},{"@type":"ListItem","position":2,"name":"Boutique","item":"https:\/\/1-plus.fr\/awatoz\/boutique\/"},{"@type":"ListItem","position":3,"name":"Cr\u00e8me clarifiante anti tache"}]},{"@type":"WebSite","@id":"https:\/\/1-plus.fr\/awatoz\/#website","url":"https:\/\/1-plus.fr\/awatoz\/","name":"AWATOZA 1-PLUS","description":"Le seul et unique cr\u00e9ateur de la marque AWATOZA","publisher":{"@id":"https:\/\/1-plus.fr\/awatoz\/#organization"},"potentialAction":[{"@type":"SearchAction","target":{"@type":"EntryPoint","urlTemplate":"https:\/\/1-plus.fr\/awatoz\/?s={search_term_string}"},"query-input":{"@type":"PropertyValueSpecification","valueRequired":true,"valueName":"search_term_string"}}],"inLanguage":"fr-FR"},{"@type":"Organization","@id":"https:\/\/1-plus.fr\/awatoz\/#organization","name":"AWATOZA 1-PLUS","url":"https:\/\/1-plus.fr\/awatoz\/","logo":{"@type":"ImageObject","inLanguage":"fr-FR","@id":"https:\/\/1-plus.fr\/awatoz\/#\/schema\/logo\/image\/","url":"https:\/\/1-plus.fr\/awatoz\/wp-content\/uploads\/2026\/01\/telechargement.jpg","contentUrl":"https:\/\/1-plus.fr\/awatoz\/wp-content\/uploads\/2026\/01\/telechargement.jpg","width":222,"height":227,"caption":"AWATOZA 1-PLUS"},"image":{"@id":"https:\/\/1-plus.fr\/awatoz\/#\/schema\/logo\/image\/"}}]}},"amp_enabled":true,"_links":{"self":[{"href":"https:\/\/1-plus.fr\/awatoz\/wp-json\/wp\/v2\/product\/93","targetHints":{"allow":["GET"]}}],"collection":[{"href":"https:\/\/1-plus.fr\/awatoz\/wp-json\/wp\/v2\/product"}],"about":[{"href":"https:\/\/1-plus.fr\/awatoz\/wp-json\/wp\/v2\/types\/product"}],"replies":[{"embeddable":true,"href":"https:\/\/1-plus.fr\/awatoz\/wp-json\/wp\/v2\/comments?post=93"}],"wp:featuredmedia":[{"embeddable":true,"href":"https:\/\/1-plus.fr\/awatoz\/wp-json\/wp\/v2\/media\/94"}],"wp:attachment":[{"href":"https:\/\/1-plus.fr\/awatoz\/wp-json\/wp\/v2\/media?parent=93"}],"wp:term":[{"taxonomy":"product_brand","embeddable":true,"href":"https:\/\/1-plus.fr\/awatoz\/wp-json\/wp\/v2\/product_brand?post=93"},{"taxonomy":"product_cat","embeddable":true,"href":"https:\/\/1-plus.fr\/awatoz\/wp-json\/wp\/v2\/product_cat?post=93"},{"taxonomy":"product_tag","embeddable":true,"href":"https:\/\/1-plus.fr\/awatoz\/wp-json\/wp\/v2\/product_tag?post=93"}],"curies":[{"name":"wp","href":"https:\/\/api.w.org\/{rel}","templated":true}]}}